 be (-45)/5 + f - -1. Let c(x) = -8*x + 37. What is the tens digit of c(p)?
1
Suppose -3342 = -6*v + 8250. Suppose v = 3*d + 2*m - 77, 4*d - 2675 = m. What is the hundreds digit of d?
6
Let s(d) = d**2 + 6*d - 135. Let r be s(10). Suppose -27*b + 1458 = -r*b. What is the tens digit of b?
2
Let t = -14038 + 34890. What is the units digit of t?
2
Let p = 3425 - 3421. Let k(v) = -53*v - 9. Let g(l) = 54*l + 9. Let n(h) = -6*g(h) - 7*k(h). What is the units digit of n(p)?
7
Let u(n) be the first derivative of 24*n**2 + 22*n - 56. What is the hundreds digit of u(5)?
2
Let l(z) = -17*z + 189. Let h be l(11). What is the tens digit of (-4 - (1 - h)) + (593 - -127)?
1
Let k = 132 + -219. Suppose -2202 = -60*r + 3138. Let t = r - k. What is the units digit of t?
6
Suppose -17*j = 1686 + 8735. Let v = j + 659. What is the units digit of v?
6
Let i be ((-1)/(3/9) + 8)/1. Suppose 4 = -m - 2*r, -i*r - 8 = -m + 9. Suppose 210 = m*o + 8*o. What is the units digit of o?
1
What is the hundreds digit of 1*(3626/(2/3 - 1))/(-1)?
8
Let d(q) = 3*q - 14*q + 3*q + 2*q + 10*q**2. Let t be d(4). Let r = -35 + t. What is the tens digit of r?
0
Let b(s) = -3*s**2 + 5*s - 10. Suppose 2*l + l - 3 = 4*g, 0 = -g + l - 2. Let j be b(g). Let w = j + 100. What is the units digit of w?
8
Let c(u) = -240*u**3 + 6*u**2 + 46*u - 34. What is the tens digit of c(-6)?
4
Suppose 16386 = 2*n - 3*s, -4*n - 15*s + 10*s = -32772. What is the tens digit of n?
9
Let a(p) be the third derivative of -32*p**2 - 1/60*p**5 + 0 + 25/24*p**4 + 0*p + 4*p**3. What is the tens digit of a(11)?
7
Suppose -3*r + r = 0. Let t(c) = -178*c - 152. Let z be t(-7). What is the tens digit of z/10 + (-6)/15 + r?
0
Suppose 0 = 9*o - 1537 - 1532. Let j = o + 1294. What is the hundreds digit of j?
6
Suppose h + 7 = 3*y, 6*y - 5*y + 4*h - 24 = 0. Suppose -w = -5*q + 2*w + 707, 0 = -3*q - y*w + 401. What is the units digit of q?
9
What is the tens digit of (3 + -32 - -38) + -362*(-277)/2?
4
Suppose 2*p + 0*s + 5*s + 350 = 0, -2*s + 525 = -3*p. Let r = 117 + p. Let a = r - -103. What is the units digit of a?
5
Let f(t) = -17*t + 3 + 29*t + 0 - t**3 - 11*t**2. Let q be f(-12). Suppose 250 = q*s + 1. What is the tens digit of s?
8
Suppose -3*g - 13889 = -4*p, -3*p - 2*g + 3443 = -6995. What is the hundreds digit of p?
4
What is the tens digit of 4/((-32)/(-1806)) - (-483)/(-644)?
2
Let p = 43090 - 23287. What is the thousands digit of p?
9
Suppose 10*j = 15*j + 4*b - 14, -5*j + 3*b = -42. Suppose 0 = -3*u - 0 - j, 4*u = 4*s. What is the tens digit of (-922)/(-4) - (-4 - 9/s)?
3
Let u = 990 + 10518. What is the tens digit of u?
0
Suppose 0 = -2*u - 41 + 207. Let m = u - 139. Let s = m + 176. What is the hundreds digit of s?
1
Let z(f) = -f**3 + 8*f**2 + 8*f + 12. Let b(w) = w**3 - 2*w**2 - 6*w + 2. Let n be b(4). Let d be z(n). What is the units digit of 7*(-8)/(-9) - (-24)/d?
6
Let p(t) = t**3 + 29*t**2 + 24*t - 108. Let z be p(-28). Suppose -x + 801 = -4*u - 726, -z*x = 5*u - 6213. What is the tens digit of x?
4
What is the hundreds digit of (-1)/(-8) + (-9)/(-48)*51466?
6
Suppose 0 = 3*n - 2*z - 1108, 3*z = -5*n + 5*z + 1852. Suppose -239 + 3044 = -11*h. Let d = h + n. What is the units digit of d?
7
Let s be (925/50)/((-1)/(-6)). Suppose 4*p - 283 + s = 0. What is the units digit of p?
3
Suppose -3*o = 2*n - 19322 - 21929, -5*n - 4*o + 103124 = 0. What is the thousands digit of n?
0
Suppose -52 = 25*t - 24*t. Let v = t - -225. What is the tens digit of v?
7
Suppose -9*g + 16 + 83 = 0. Suppose -g*z + 716 = -4289. What is the hundreds digit of z?
4
Suppose 20 = 4*n + 4*h, 0 = -4*n - h - 4*h + 22. Let k(m) = -2 - 22*m**3 - 13*m**3 + 40*m**n + m. What is the units digit of k(2)?
0
Let i = 2703 + -726. Suppose 609 = 6*b - i. What is the hundreds digit of b?
4
Let b(a) = 2*a**2 - 5*a - a**2 + 2 + 11 - 8*a. Let h be b(12). Suppose u = 5*d - 50, 7 = 3*d - 5*u - h. What is the units digit of d?
1
Let i(n) = n - 1. Let b(p) = 18*p + 98. Let q(d) = b(d) - 12*i(d). What is the units digit of q(27)?
2
Let z = 8208 - -1580. What is the hundreds digit of z?
7
Suppose 1865 = 3*u - 46. Let j = u + -424. Suppose 3*d - i = 2*i + 189, 3*i = -3*d + j. What is the units digit of d?
7
Suppose -110*x - 4378739 + 323632 = -199*x. What is the hundreds digit of x?
5
Suppose 135 = -3*k + 1002. Let w = 327 - k. What is the units digit of w?
8
Let k = 53270 - 21334. What is the ten thousands digit of k?
3
Suppose -x = b - 1600, -3200 = 23*x - 25*x - 4*b. What is the thousands digit of x?
1
Suppose -2*g = -23 + 1. Let f(r) = r**3 - 7*r**2 - 8*r - 32. What is the hundreds digit of f(g)?
3
Let w(h) be the third derivative of 0*h + 0 - 13/24*h**4 - 9*h**2 + 5/2*h**3. What is the tens digit of w(-7)?
0
Suppose 3*c + 5*j + 107 = -c, 20 = 4*j. Let l = c - -26. Let f = l - -36. What is the units digit of f?
9
Let r = 60 - 82. Let v = r + 24. Suppose -p - 211 = -v*q, -5*q + 500 = 3*p - 0*p. What is the tens digit of q?
0
Suppose -j + a = 86, 5*j - 4*j - 4*a + 77 = 0. Let g = 269 + j. What is the tens digit of g?
8
Suppose -2*r + 6 = 0, 3*r - 209 = -5*d + 5*r. Let z = 53 - d. Let a(h) = 2*h**2 - h - 19. What is the tens digit of a(z)?
7
Suppose -4*a + 3*v = v - 6, -12 = -5*a - 2*v. Suppose 6 = a*c - 2. Suppose -c*h = -5*z + 193, 0 = -5*z + h + 66 + 121. What is the tens digit of z?
3
Let l = 27544 - 15638. What is the ten thousands digit of l?
1
What is the ten thousands digit of (-8 - -7 - -1)/1 + 22876?
2
Let c be (-56 - 4)/((-3)/2). What is the hundreds digit of c/5 - 3 - (-1386)/2?
6
Let p(s) = -s**3 + 14*s**2 + 3*s - 12. Let l be p(14). Let c = -8 + l. Suppose 5*t - q = 3*t + c, -3*t + 33 = 3*q. What is the tens digit of t?
1
Let l be (2/(-6))/(4/744). Suppose -x = -0*x + 18. Let i = x - l. What is the units digit of i?
4
Let f be (-1 + 7 - -4)*(-4)/(-10). Suppose -g + 3 = 2*w, -5*w + 2*g + 10 = f*g. Suppose -w*l + 0 = -c + 43, 0 = -2*c + l + 51. What is the units digit of c?
3
Let n be 6/16 + (-1 - 7014/16). What is the tens digit of (9 + -6)*(1 - n/3)?
4
Let d = -21133 - -22596. What is the tens digit of d?
6
Suppose 11*o - 22*o + 70158 = 0. What is the hundreds digit of o?
3
Let d(b) = 5*b**3 + 4*b**2 - 7*b + 3. Let g be d(1). Suppose -5*a = 0, g*a - 1631 = -3*l - 533. What is the hundreds digit of l?
3
Suppose 4*x + 64 = 4*s, -2*s + 17 + 15 = -x. Let m = s + -16. Suppose 2*d - 20 = -m. What is the tens digit of d?
1
Let c(k) be the first derivative of -4*k**4 - k**3 + 13*k**2 + 10*k - 14. What is the tens digit of c(-4)?
8
Suppose y + 13353 = g, -2*g - 4*y + 21337 = -5351. Suppose 0 = 29*w - g + 3490. What is the hundreds digit of w?
3
Let n(r) = 78*r + 19. Let f be n(0). Suppose f*j = 21*j + 2*u - 850, 2118 = 5*j - 2*u. What is the tens digit of j?
2
Let s(q) = 106*q**2 - 42*q**2 - q**3 - 51*q**2 + 14*q - 31. What is the hundreds digit of s(12)?
2
Suppose -2*i + 14 = 2*x, -i - 2*x = -6*x + 8. Suppose 0 = 3*y - 2*j - 61 - 1286, 4*j - 1796 = -i*y. What is the tens digit of y?
4
Suppose 4*f + 6*q = 9*q - 52, 0 = f - 5*q - 4. What is the hundreds digit of (2/f - (-42)/(-48)) + 719?
7
Suppose -5*v + d = -64099 - 13011, d = 5. What is the units digit of v?
3
Let i(w) = -447*w**3 - 2*w**2 - 3*w - 2. Suppose -8*p + 7*p = 1. What is the tens digit of i(p)?
4
Let s(u) = 8*u - 80. Let m be s(10). Suppose m = -w - 20 - 30. Let q = w + 75. What is the tens digit of q?
2
Let h(d) = 324*d + 76. Let f be h(5). Suppose 2004 = 10*t - f. What is the tens digit of t?
7
What is the units digit of 768204/270*10/6?
2
Let a = -30253 + 57891. What is the tens digit of a?
3
Let b = 1651 + -867. Suppose 0 = 3*l + 56*p - 61*p - 1150, 2*l = -p + b. What is the hundreds digit of l?
3
Suppose -z + 8 - 11 = -2*n, -3*n + 9 = 3*z. Suppose n*y = 3*y - 572. What is the units digit of y?
2
Let d = 10728 - 9697. What is the thousands digit of d?
1
Suppose -95 = -5*l - c, -3*l + 88*c = 83*c - 29. What is the tens digit of l/((-10)/1125*-5)?
0
Let m(w) = 36*w**2 + 4*w + 7. Let f be m(-2). Suppose -2*v = -f - 137. What is the tens digit of v?
4
Let g = 5612 - 5608. Let a be (-22)/(-8) - (-2)/8. Suppose w = 4*w + p - 486, -a*w + g*p = -471. What is the units digit of w?
1
Let a(y) = -47*y + 3. Suppose 4*z - 4*j = -28, -13 = 2*z + 7*j - 8*j. What is the tens digit of a(z)?
8
Let r =